
5
What is the remainder when 1817 is divided by (-4)/6*(313 + -328)?
7
Let t(z) = 177*z**2 + 29. Calculate the remainder when t(-2) is divided by 229.
50
Let a(l) = -280*l - 1488. What is the remainder when a(-7) is divided by 26?
4
Suppose -15*v = -2*v - 78. What is the remainder when 55 is divided by (-32)/3*v/8*-2?
7
Let l = 49 - -19. Suppose -5*f = -5*c + 485, 5*c + 13*f - 15*f = 470. Suppose -796*k = -800*k + c. What is the remainder when l is divided by k?
22
What is the remainder when (-333936)/(-90) + (-21)/15 is divided by 128?
125
Suppose -3*m - 105 = 4*p - 378, -5*m + 3*p + 426 = 0. What is the remainder when m is divided by (-3)/(-5) + 21/70*78?
15
Suppose -2*p = -5*c - 11 - 57, 0 = p + 6*c - 34. Calculate the remainder when 26245 is divided by p.
31
Suppose 3*k = -8*k + 14 + 19. Let n be (-5)/(10/(-84)) + 0. Calculate the remainder when 32 is divided by (n + 0)/k - 2.
8
Suppose 0 = -40*y - 709 + 4389. What is the remainder when 729 is divided by y?
85
Let o = 113 - 113. What is the remainder when 91 is divided by -20*((-40)/25 - o/(-6))?
27
What is the remainder when 1408 is divided by ((20 - 14)*12)/((-3)/(-2)) + 1?
36
Let f(v) = -30*v + 701. Calculate the remainder when f(21) is divided by 62.
9
Let o(i) = i**3 - 16*i**2 + 30*i + 2. Calculate the remainder when o(14) is divided by 3/(-5)*(-125)/(-50)*-2.
0
Calculate the remainder when 17/((-238)/(-12656)) + (0 - -1) is divided by 244.
173
Suppose 142*c = -3*i + 138*c + 2419, c = -2*i + 1601. What is the remainder when i is divided by 134?
127
Let x = -322 + 325. Suppose -2*t = 2*g - 24, 0*t + 60 = 5*g + x*t. What is the remainder when 68 is divided by g?
8
Let v(y) = -7*y + 40. Calculate the remainder when 2103 is divided by v(2).
23
Let x(v) = -6*v**2 - 21*v - 7. Let j be x(-11). Let f = j - -666. Calculate the remainder when f is divided by 38.
12
Let r(g) = 38*g + 241. Calculate the remainder when r(33) is divided by 30.
25
Let a = 61 - 58. Suppose -a*b + r = -50, 0*b + 89 = 5*b + 4*r. Let p = 32 - b. Calculate the remainder when 43 is divided by p.
13
Let r(u) = u**3 - 19*u**2 - 108*u + 83. What is the remainder when r(25) is divided by 54?
53
Suppose -54*k - 558 = -315 - 4833. What is the remainder when 2548 is divided by k?
83
What is the remainder when 13781 is divided by 18 + (474/3 - -3)?
177
Suppose -v - 199 + 608 = 0. Calculate the remainder when v is divided by 50.
9
Suppose 54 = 5*k + 4. Suppose 2*u + 2 = 5*o + u, k = -5*u. Suppose -3*p - 3*g = -42, 66 = 4*p - o*p - g. Calculate the remainder when 25 is divided by p.
9
Let k be 1/((3 - 7)/216). Let q = k - -62. Suppose -z = -q + 4. Calculate the remainder when 13 is divided by z.
1
Suppose -4*y - h = -19, -2*y + y - h = -7. Let n(t) = -4*t + 3*t**2 + 0*t - 2*t**2 + 5. What is the remainder when 19 is divided by n(y)?
4
Suppose 3*z = 29 + 7. Let h = -37 + 43. Suppose 8*v = h*v + 210. Calculate the remainder when v is divided by z.
9
Suppose -5*h = b - 20, 55 = b - h + 11. Let a be (-8)/(-12) + (-1)/(-3)*b. What is the remainder when 33 is divided by (1 - (4 - a)) + -2?
6
Suppose -1709 + 4983 = 167*n - 901. Calculate the remainder when 129 is divided by n.
4
Suppose -4*b - 339 = 5*x, -2*b - 203 = x + 2*x. Let o = 88 + x. What is the remainder when o is divided by 11?
10
Let q be 1/((-5)/((-20)/8))*-14. Let u(b) = 3*b + 30. What is the remainder when 232 is divided by u(q)?
7
Suppose 22*w = 5*w + 23817. What is the remainder when w is divided by 36?
33
Suppose -21*i - 229 = -1615. What is the remainder when i is divided by 22?
0
What is the remainder when 1376 is divided by (-27)/((-198)/(-54) + -4)?
80
Suppose 167*p - 610 = -g + 164*p, -2*g + 1234 = -p. Calculate the remainder when g is divided by 3.
1
Let a(w) be the third derivative of -101*w**4/24 - 29*w**3/3 - 57*w**2. What is the remainder when a(-2) is divided by 38?
30
Let u be 1 + (0 - -2) + 42. Let y(f) = -310*f - 83. Let k be y(-1). Suppose a = -3*q + k, 5*a = -2*q + u + 115. Calculate the remainder when q is divided by 26.
23
Let u = 743 - 729. Calculate the remainder when 1581 is divided by u.
13
Let c(a) = -a**3 + 14*a**2 - 16*a - 20. Let k(u) = 5*u + 72. Let g be k(-12). Calculate the remainder when c(g) is divided by 16.
12
Let x be (-49)/7 - -2 - -6. Calculate the remainder when 87 is divided by 29/5 + x/5.
3
Suppose -s - 5*j + 93 = 5, 5*j - 196 = -2*s. What is the remainder when (-564)/(-9)*567/s is divided by 11?
10
Suppose 40*x + 32*x = 864. Let h = -2 - -22. Calculate the remainder when h is divided by x.
8
Suppose 2077 = b - 2*v, 73*b - 68*b - 10357 = 3*v. Calculate the remainder when b is divided by 34.
29
Let h be (2 - 0)/((-6)/(-15)). Suppose 5*y - h*w - 15 = 0, y = 6*w - 4*w + 4. Suppose -y*t + 21 + 23 = 0. Calculate the remainder when t is divided by 14.
8
Let v(a) = 2*a**2 - 206*a + 2709. What is the remainder when v(13) is divided by 183?
3
Suppose 2*f - 146 = -16. Let g(s) = -s**2 + 19*s - 51. Let n be g(3). Calculate the remainder when f is divided by (5 + n)*136/16.
14
Let y = -3963 - -4191. Calculate the remainder when y is divided by 15.
3
Let k be (0 - (-5 + 1)) + (-165)/15. Let h(s) = -7*s + 7. Calculate the remainder when 390 is divided by h(k).
54
Let b = -1520 + 1026. Let z = 576 + b. What is the remainder when z is divided by 14?
12
Let v be (-5)/((-50)/(-115))*-10. Let f = 147 - v. What is the remainder when 151 is divided by f?
23
What is the remainder when 102 is divided by (-76)/57 + 5/((-15)/(-253))?
19
Let m(r) = 64*r - 137. Calculate the remainder when m(16) is divided by 25.
12
Let a = -134 - -225. Let v be -3*(-1)/(-3) - -121. Suppose u + 1 = 3*y + 25, 0 = 5*u - 5*y - v. Calculate the remainder when a is divided by u.
19
Suppose -c + 5 = -0*c, -61 = -f - 4*c. Calculate the remainder when f is divided by 19.
3
Let s = -17 - -17. Suppose 4*q - 6*q + 308 = s. Let l(j) = 16*j - 3. What is the remainder when q is divided by l(1)?
11
Let t = 274 - 197. Let f = 95 - t. What is the remainder when 53 is divided by f?
17
Suppose -169 + 577 = 4*u. Suppose 2*q - r - 53 - 19 = 0, 6*q - r - 212 = 0. What is the remainder when u is divided by q?
32
Suppose 4*r - 2*r = 82. Suppose -22340*v + 1258 = -22323*v. What is the remainder when v is divided by r?
33
Let y(l) = 10*l - 50. Let r be y(6). Let w(o) = -o. Let n be w(4). Let a = n + r. What is the remainder when 21 is divided by a?
3
Suppose 5*n - 686 + 186 = 0. Suppose 4*c + n = 9*c. What is the remainder when 237 is divided by c?
17
Let r(z) = 7*z**2 - 5*z + 4. Let h be r(1). Suppose 3*g + 5*k = 233, h*k - 2*k - 156 = -2*g. Calculate the remainder when g is divided by (-39)/1*10/(-15).
24
What is the remainder when (-14883)/(-7) + (-1980)/924 is divided by 38?
34
Let o(n) = 7*n**2 + 10*n + 1. Let q(p) = -p**2 + p - 1. Let u(s) = -o(s) - 6*q(s). Calculate the remainder when u(-11) is divided by 16.
12
Let r = 3317 - 2932. What is the remainder when r is divided by 80?
65
Let x(d) = -d**3 - 18*d**2 - 6*d - 18. Let f be x(-18). Suppose 0 = -18*t + 19*t + f. Let y = t + 107. What is the remainder when 67 is divided by y?
16
Let f(s) = s**3 + 2*s**2 - 2*s + 1. Let q(n) = 87*n + 1484. Calculate the remainder when q(-17) is divided by f(-2).
0
Suppose -5*h - 762*f + 764*f + 2152 = 0, -h = -3*f - 446. Calculate the remainder when h is divided by 10.
8
Let u = 157 - 153. Suppose -p + 6*p = -u*x + 349, 4*x + 203 = 3*p. Calculate the remainder when p is divided by 14.
13
Suppose 0 = -x + 4, -5*x + 87 = 3*c - 26. Suppose -i - 65 = -6*i. What is the remainder when c is divided by i?
5
Let i(u) = -u**3 - 7*u**2 - 8*u + 5. Let m be (24/(-7))/((-140)/(-490)). What is the remainder when i(-7) is divided by (-250)/(-30) + m/(-18)?
7
Suppose 3*q - 1 = -5*w, 3*w - 5*q = -8*q - 3. Suppose 0 = w*p - 0*p + 8, s = -4*p + 473. Calculate the remainder when s is divided by 14.
13
Let c = 7 + 1. Let r(x) = -14*x - 58. Let s be r(-20). Let l = s + -207. What is the remainder when l is divided by c?
7
Suppose -3*h = 157*h - 260742 - 74458. Calculate the remainder when h is divided by 100.
95
Let t = 19650 - 69822. Let w be t/48 + 1/4. What is the remainder when ((w/10)/(-11))/((-2)/(-8)) is divided by 13?
12
Let x be (-28)/(-35) - 2282/(-10). Suppose 4*l - x - 351 = 0. Suppose s + 145 = 6*s + a, 5*a = -5*s 